(h). List the prime factors of n(-2).
13
Let g = 42 + -103. Let r = -27 - g. List the prime factors of r.
2, 17
Let v = 18 + -2. Suppose 0 = -3*n - n + v, -37 = -m - 5*n. List the prime factors of m.
17
Suppose -4*v + 45 = -9*v. Let i = v + 15. Let h = i + -3. What are the prime factors of h?
3
Let v(a) = -a**2 + 11*a - 2. List the prime factors of v(8).
2, 11
Let j = 10 + -5. Suppose -j*v + 13 + 2 = 0. Suppose 0*h = v*h - 27. List the prime factors of h.
3
Let u be 6*-2*1/(-2). Let z(l) = l**3 - 2*l**2 - 8*l - 1. Let o(s) = s**3 - 3*s**2 - 7*s - 1. Let h(x) = 3*o(x) - 2*z(x). List the prime factors of h(u).
5
Suppose 4*m - 33 = 3*t, 4*t = -3*m + m + 22. Suppose 4*u + u - 45 = 2*r, u + 4*r = m. List the prime factors of u.
3
Let m = 9 + -16. Let f = -42 - -66. Let v = f + m. List the prime factors of v.
17
Let d = 36 + 147. What are the prime factors of d?
3, 61
Let p be 1/(-4) - 303/(-12). Let r be (-1)/(0 + 1) + p. Let o = r + -13. List the prime factors of o.
11
Let f(g) = g**3 - 5*g**2 - 7*g + 9. Let w be f(6). Suppose 0 = -x - 2*k + 3, -k + 5*k = -w*x + 9. List the prime factors of x.
3
Suppose -7 = 2*p + 15. Let i = 22 + p. What are the prime factors of i?
11
Let g = -3 + -1. What are the prime factors of (-42)/(-4) - (-2)/g?
2, 5
Suppose -2*g = -5*g + 84. Let n = 15 + -7. Let q = g - n. List the prime factors of q.
2, 5
Suppose 0*o + 16*o = 608. What are the prime factors of o?
2, 19
Suppose 4*p = 291 + 321. List the prime factors of p.
3, 17
List the prime factors of 113*(1/2 - (-1)/2).
113
Let m(w) = w**2 + 7*w + 3. Let z(d) = 2*d**2 + 13*d + 6. Let p(i) = -7*m(i) + 4*z(i). Let n be p(-4). Let j = n - 1. List the prime factors of j.
2, 3
Let u = 25 - 22. Suppose 2*v - v + 4 = 0, -u*v = -s + 35. What are the prime factors of s?
23
What are the prime factors of -4 - -4 - (-25 + 1)?
2, 3
Suppose -2*z + 2*c = -3*c - 8, -4*z = -2*c + 16. Let h be (z/(-9))/(3/9). Suppose -h*a + 19 = -1. What are the prime factors of a?
2, 5
Let d(p) = -23*p**2. Let w(o) = 34*o**2. Let m(b) = -8*d(b) - 5*w(b). List the prime factors of m(-1).
2, 7
Suppose -3*k + 315 = 3*r, -4*r - 2 = -5*r. What are the prime factors of k?
103
Let s be 1*((-23)/1 + 3). Let z = s - -11. What are the prime factors of z/(-6)*2/1?
3
Suppose -5*c = 4*i + 12, 4*c + 1 + 9 = -3*i. Suppose -25 = -i*u - 3*h, u - 6*u = 5*h - 75. What are the prime factors of u?
2, 5
Let o(v) = v - 8. Let r be o(6). Suppose -q - 2*w = -3*q + 10, -2*w - 10 = 3*q. What are the prime factors of (1 - q)/(r/(-6))?
3
Let m = -121 - -252. What are the prime factors of m?
131
Let t(r) = r**3 - 2*r**2 - 2*r - 1. Let s be t(3). Let o be 30/9*(-6)/(-4). Suppose -o*b - 4 = 4*g - 85, s*b - 38 = -2*g. What are the prime factors of g?
2, 7
What are the prime factors of (-66)/(-4*3/6)?
3, 11
Suppose -d + 3*d = 6. Suppose m = d + 2. Let b(o) = -o**3 + 4*o**2 + 6*o + 5. List the prime factors of b(m).
2, 5
Let u(l) = -2 + 25*l**2 - l + 2*l + 3. Let k be u(-1). Let n = k - 18. What are the prime factors of n?
7
Let o be (-2)/(-6) + 58/6. Let a(d) = 20 + 18*d - 12*d - 7*d. List the prime factors of a(o).
2, 5
Let i = 1 + 2. Let d(q) = 5*q + 4. Let o(r) = -6*r - 4. Let a(t) = 4*d(t) + 3*o(t). List the prime factors of a(i).
2, 5
Suppose 4*n + n = 10. Suppose -r + n*c = -6*r + 47, 5*r - 5*c = 40. Suppose -r = 4*o - 5*o. List the prime factors of o.
3
Let r = 59 + -42. List the prime factors of r.
17
Suppose -d = -u + 28, -2*u + 61 = -0*u - 3*d. Suppose 0 = -m + u + 10. Suppose 0*t + 3*t = m. List the prime factors of t.
11
Let h = 10 + 10. Let c = -10 + h. List the prime factors of c.
2, 5
Let c(g) = 5*g. Let y be c(1). Suppose v = y*v - 36. What are the prime factors of v?
3
Let s = -19 - -27. List the prime factors of s.
2
Suppose -270 = -2*h - 3*h. Suppose -7*x + h = -4*x. What are the prime factors of x?
2, 3
Suppose 0*d - 2*z = -3*d + 74, 3*d - 5*z - 68 = 0. Suppose 3*c + 7 - 1 = 0, 5*c + d = 2*n. What are the prime factors of n?
2
Let q(s) = -s**3 + 10*s**2 - 6*s - 10. What are the prime factors of q(8)?
2, 5, 7
Let o be 7/((-2)/(3 - 5)). Suppose -2*p - 75 = -o*p. List the prime factors of p.
3, 5
List the prime factors of 58 + 1/((-6)/9)*-2.
61
Let c(z) = -z**3 - 6*z**2 - z - 3. Let i be c(-6). Let h be 6/(-21) - 46/(-14). Suppose 3*o = -i*n - 2*o + 18, h*n - 27 = -2*o. What are the prime factors of n?
11
Suppose -30 = 4*n - 118. Suppose -g = -0*g - n. List the prime factors of g.
2, 11
Let f(d) = d**2 + 4*d + 28. What are the prime factors of f(-15)?
193
Let s(o) = 2*o**2 + o + 1 + 5 - 3*o**2 + 3*o**3 - 4*o**3. Let z be s(0). What are the prime factors of 51/2*z/9?
17
Let d(i) = i**3 + 2*i**2 - 3*i + 2. Let c = 14 - 17. What are the prime factors of d(c)?
2
Suppose 3*a + 9 = -3*j - 2*a, 12 = -4*j - a. Let y be (-17)/j + (-2)/3. Suppose -2 = 2*k - 4*i, 5*k - y*i + 6 = 3*k. What are the prime factors of k?
7
Let g be (-6)/(-8) - 15/(-12). Suppose -6*i - 190 = -5*m - 2*i, g*i = 5*m - 190. List the prime factors of m.
2, 19
Suppose v = -y + 11, -4*v + 26 = y - 0*v. Let n(t) = -t**2 + 6*t. Let a be n(y). Suppose a = 4*m - b - 19 - 25, -3*b = 12. List the prime factors of m.
2, 5
Suppose 4*i - 20 = 3*i. List the prime factors of i.
2, 5
Let k = -3 - -3. Suppose -4*a + 6 - 42 = k. List the prime factors of -1*1*(a + -8).
17
Let c be 9 - 1/1 - 0. Let j = 11 - c. List the prime factors of j.
3
What are the prime factors of 39 + 1 - (-21 + 18)?
43
Let w = -17 + 26. Suppose 30 = 3*h - w. Let d(x) = -x**3 + 12*x**2 + 15*x - 14. List the prime factors of d(h).
2, 3
Let s be (-8)/2 + 6 + -2. Suppose 3*v + 3*h - 159 = 0, s*v + 73 = v + 5*h. What are the prime factors of v?
2, 3
Suppose q + w - 33 = -2*w, 0 = 3*q - 5*w - 169. What are the prime factors of q?
2, 3
Let q(d) = 3*d - 14. Let g be q(6). List the prime factors of 36/g*(-1 - -7).
2, 3
Suppose -4*c = g - 141, c + 0*g - 4*g = 31. List the prime factors of c.
5, 7
Let w = 13 + -9. Let f = 4 + -3. Let n = w - f. List the prime factors of n.
3
Let b = -6 + 1. Let u be (2/b)/(2/(-20)). Suppose 4*s + s = -2*h + 44, -u*h = 12. List the prime factors of s.
2, 5
Let t = 1 - -2. Let b = 12 + -7. Let g = b - t. What are the prime factors of g?
2
Suppose 0*a = a + 3. Suppose m + 3*m = -44. Let b = a - m. List the prime factors of b.
2
Let n = 0 + 0. Let q be 1*(n + -2) + -6. Let y = q + 13. List the prime factors of y.
5
Suppose -2 = -4*z - 58. Let l = -6 - z. List the prime factors of l.
2
Let r = 10 + -7. Suppose -5*h + 116 = r*z, -5*h + 2*h = -3*z - 60. What are the prime factors of h?
2, 11
Let n = 9 - 4. Let t = n - 3. What are the prime factors of t?
2
Let w be 9/(-6) + 30/4. Suppose -w*d + 3*d = -18. List the prime factors of d.
2, 3
Let m = 4 - 1. Let t be (-10)/(-3)*(-30)/(-4). Suppose -m*n - 4 + t = 0. What are the prime factors of n?
7
Suppose n + 7 = -4*r, -2*r = n + 3 - 0. Suppose -2*g = -z + 19, -z - n = 3*g + 5. List the prime factors of z.
3
Let c(z) be the second derivative of z**4/12 - z**3/2 - 13*z**2/2 + 4*z. List the prime factors of c(9).
41
Let l(s) be the first derivative of -s**3/3 - 2*s**2 + 2*s + 3. What are the prime factors of l(-3)?
5
Let k(l) = -2*l**3 - 4*l**2 - 3*l - 1. Let q be k(-2). Suppose -q*w + 4*d + 64 = 0, 3*w - 6*w - d + 52 = 0. List the prime factors of w.
2
Suppose 2*h + 3*s = 2*s + 7, 0 = -4*s + 12. Suppose 0 = -6*l + 3*l + 3*a + 45, -4*l + 56 = -h*a. List the prime factors of l.
13
Suppose -2*y - 12 = 2*y, -2*r - 3*y - 7 = 0. Let l be -3 + 13 + r/1. Suppose 3*p = 28 + l. List the prime factors of p.
13
Let h = 51 - 9. List the prime factors of h.
2, 3, 7
Suppose -z + 33 = 2*z. Let h = 16 - z. Suppose h*j - 8 - 22 = 0. What are the prime factors of j?
2, 3
Let d = 17 + -12. What are the prime factors of d/(5/(-4)) - -35?
31
Let i(h) = -3*h**3 + 5*h**2 - 2*h - 8. Let c(y) = 8 - 5*y**2 - y**3 - 2*y**3 + 3*y + 5*y**3. Let r(m) = 4*c(m) + 3*i(m). List the prime factors of r(-6).
2
Suppose -144 = 3*f - 6*f. What are the prime factors of f?
2, 3
Let g = 1 - -2. Suppose -2*x + 20 + 7 = g*y, -9 = -y - 2*x. Let z = y + -5. What are the prime factors of z?
2
Suppose -3*u + 12 = 2*z, 0*z - 5*u = 4*z - 24. Suppose 2*s = 20 + z. List the prime factors of s.
13
Let a be (494/(-39))/((-4)/6). Suppose a = 5*s - 21. List the prime factors of s.
2
Let n =